{"id":10428,"date":"2025-12-03T20:31:44","date_gmt":"2025-12-03T19:31:44","guid":{"rendered":"https:\/\/www.serconplagasbolivia.com\/web\/?post_type=product&#038;p=10428"},"modified":"2025-12-03T20:31:44","modified_gmt":"2025-12-03T19:31:44","slug":"guarany-pulverizador-7-6-lt","status":"publish","type":"product","link":"https:\/\/www.serconplagasbolivia.com\/web\/producto\/guarany-pulverizador-7-6-lt\/","title":{"rendered":"Guarany | Pulverizador 7.6 lt"},"content":{"rendered":"<p>Presentaci\u00f3n:<br \/>\nUnidad<\/p>\n<p>Laboratorio:<br \/>\nGuarany<\/p>\n<p>CARACTER\u00cdSTICAS:<\/p>\n<p>Tanque con boca ancha, para facilitar su llenado.<\/p>\n<p>V\u00e1lvula de seguridad con escape autom\u00e1tico de aire en el caso que haya exceso de presi\u00f3n.<\/p>\n<p>Muy pr\u00e1ctico, con bomba de compresi\u00f3n previa, que permite al operador m\u00e1s agilidad en la aplicaci\u00f3n.<\/p>\n<p>Capacidad total: 7,6 l (2,0 gal)<\/p>\n<p>Capacidad \u00fatil: 6 l (1,6 gal)<\/p>\n<p>Peso vaci\u00f3: 1,6 kg (3,5 lb)<\/p>\n<p>Presi\u00f3n m\u00e1xima de trabajo: 3,5 bar (51 psi)<\/p>\n<p>Embalaje: 215x215x475 mm (8,5 x 8,5 x 18,7 in)<\/p>\n","protected":false},"excerpt":{"rendered":"<p>Presentaci\u00f3n: Unidad Laboratorio: Guarany CARACTER\u00cdSTICAS: Tanque con boca ancha, para facilitar su llenado. V\u00e1lvula de seguridad con escape autom\u00e1tico de<\/p>\n","protected":false},"featured_media":10430,"template":"","meta":{"_joinchat":[]},"product_brand":[],"product_cat":[73],"product_tag":[182],"class_list":{"0":"post-10428","1":"product","2":"type-product","3":"status-publish","4":"has-post-thumbnail","6":"product_cat-sistema-de-aplicacion","7":"product_tag-pulverizador","9":"first","10":"instock","11":"shipping-taxable","12":"product-type-simple"},"yoast_head":"<!-- This site is optimized with the Yoast SEO plugin v25.9 - https:\/\/yoast.com\/wordpress\/plugins\/seo\/ -->\n<title>Guarany | Pulverizador 7.6 lt - Serconplagas<\/title>\n<meta name=\"robots\" content=\"index, follow, max-snippet:-1, max-image-preview:large, max-video-preview:-1\" \/>\n<link rel=\"canonical\" href=\"https:\/\/www.serconplagasbolivia.com\/web\/producto\/guarany-pulverizador-7-6-lt\/\" \/>\n<meta property=\"og:locale\" content=\"es_ES\" \/>\n<meta property=\"og:type\" content=\"article\" \/>\n<meta property=\"og:title\" content=\"Guarany | Pulverizador 7.6 lt - Serconplagas\" \/>\n<meta property=\"og:description\" content=\"Presentaci\u00f3n: Unidad Laboratorio: Guarany CARACTER\u00cdSTICAS: Tanque con boca ancha, para facilitar su llenado. V\u00e1lvula de seguridad con escape autom\u00e1tico de\" \/>\n<meta property=\"og:url\" content=\"https:\/\/www.serconplagasbolivia.com\/web\/producto\/guarany-pulverizador-7-6-lt\/\" \/>\n<meta property=\"og:site_name\" content=\"Serconplagas\" \/>\n<meta property=\"article:publisher\" content=\"https:\/\/www.facebook.com\/Sercomplagasbo\" \/>\n<meta property=\"og:image\" content=\"https:\/\/www.serconplagasbolivia.com\/web\/wp-content\/uploads\/2025\/12\/Diseno-sin-titulo-67.png\" \/>\n\t<meta property=\"og:image:width\" content=\"600\" \/>\n\t<meta property=\"og:image:height\" content=\"600\" \/>\n\t<meta property=\"og:image:type\" content=\"image\/png\" \/>\n<meta name=\"twitter:card\" content=\"summary_large_image\" \/>\n<meta name=\"twitter:label1\" content=\"Tiempo de lectura\" \/>\n\t<meta name=\"twitter:data1\" content=\"1 minuto\" \/>\n<script type=\"application\/ld+json\" class=\"yoast-schema-graph\">{\"@context\":\"https:\/\/schema.org\",\"@graph\":[{\"@type\":\"WebPage\",\"@id\":\"https:\/\/www.serconplagasbolivia.com\/web\/producto\/guarany-pulverizador-7-6-lt\/\",\"url\":\"https:\/\/www.serconplagasbolivia.com\/web\/producto\/guarany-pulverizador-7-6-lt\/\",\"name\":\"Guarany | Pulverizador 7.6 lt - Serconplagas\",\"isPartOf\":{\"@id\":\"https:\/\/www.serconplagasbolivia.com\/web\/#website\"},\"primaryImageOfPage\":{\"@id\":\"https:\/\/www.serconplagasbolivia.com\/web\/producto\/guarany-pulverizador-7-6-lt\/#primaryimage\"},\"image\":{\"@id\":\"https:\/\/www.serconplagasbolivia.com\/web\/producto\/guarany-pulverizador-7-6-lt\/#primaryimage\"},\"thumbnailUrl\":\"https:\/\/www.serconplagasbolivia.com\/web\/wp-content\/uploads\/2025\/12\/Diseno-sin-titulo-67.png\",\"datePublished\":\"2025-12-03T19:31:44+00:00\",\"breadcrumb\":{\"@id\":\"https:\/\/www.serconplagasbolivia.com\/web\/producto\/guarany-pulverizador-7-6-lt\/#breadcrumb\"},\"inLanguage\":\"es\",\"potentialAction\":[{\"@type\":\"ReadAction\",\"target\":[\"https:\/\/www.serconplagasbolivia.com\/web\/producto\/guarany-pulverizador-7-6-lt\/\"]}]},{\"@type\":\"ImageObject\",\"inLanguage\":\"es\",\"@id\":\"https:\/\/www.serconplagasbolivia.com\/web\/producto\/guarany-pulverizador-7-6-lt\/#primaryimage\",\"url\":\"https:\/\/www.serconplagasbolivia.com\/web\/wp-content\/uploads\/2025\/12\/Diseno-sin-titulo-67.png\",\"contentUrl\":\"https:\/\/www.serconplagasbolivia.com\/web\/wp-content\/uploads\/2025\/12\/Diseno-sin-titulo-67.png\",\"width\":600,\"height\":600},{\"@type\":\"BreadcrumbList\",\"@id\":\"https:\/\/www.serconplagasbolivia.com\/web\/producto\/guarany-pulverizador-7-6-lt\/#breadcrumb\",\"itemListElement\":[{\"@type\":\"ListItem\",\"position\":1,\"name\":\"Portada\",\"item\":\"https:\/\/www.serconplagasbolivia.com\/web\/\"},{\"@type\":\"ListItem\",\"position\":2,\"name\":\"Catalogo Online\",\"item\":\"https:\/\/www.serconplagasbolivia.com\/web\/catalogo-online\/\"},{\"@type\":\"ListItem\",\"position\":3,\"name\":\"Guarany | Pulverizador 7.6 lt\"}]},{\"@type\":\"WebSite\",\"@id\":\"https:\/\/www.serconplagasbolivia.com\/web\/#website\",\"url\":\"https:\/\/www.serconplagasbolivia.com\/web\/\",\"name\":\"Serconplagas\",\"description\":\"\",\"publisher\":{\"@id\":\"https:\/\/www.serconplagasbolivia.com\/web\/#organization\"},\"potentialAction\":[{\"@type\":\"SearchAction\",\"target\":{\"@type\":\"EntryPoint\",\"urlTemplate\":\"https:\/\/www.serconplagasbolivia.com\/web\/?s={search_term_string}\"},\"query-input\":{\"@type\":\"PropertyValueSpecification\",\"valueRequired\":true,\"valueName\":\"search_term_string\"}}],\"inLanguage\":\"es\"},{\"@type\":\"Organization\",\"@id\":\"https:\/\/www.serconplagasbolivia.com\/web\/#organization\",\"name\":\"Serconplagas\",\"url\":\"https:\/\/www.serconplagasbolivia.com\/web\/\",\"logo\":{\"@type\":\"ImageObject\",\"inLanguage\":\"es\",\"@id\":\"https:\/\/www.serconplagasbolivia.com\/web\/#\/schema\/logo\/image\/\",\"url\":\"https:\/\/www.serconplagasbolivia.com\/web\/wp-content\/uploads\/2025\/07\/logo2.png\",\"contentUrl\":\"https:\/\/www.serconplagasbolivia.com\/web\/wp-content\/uploads\/2025\/07\/logo2.png\",\"width\":600,\"height\":205,\"caption\":\"Serconplagas\"},\"image\":{\"@id\":\"https:\/\/www.serconplagasbolivia.com\/web\/#\/schema\/logo\/image\/\"},\"sameAs\":[\"https:\/\/www.facebook.com\/Sercomplagasbo\"]}]}<\/script>\n<!-- \/ Yoast SEO plugin. -->","yoast_head_json":{"title":"Guarany | Pulverizador 7.6 lt - Serconplagas","robots":{"index":"index","follow":"follow","max-snippet":"max-snippet:-1","max-image-preview":"max-image-preview:large","max-video-preview":"max-video-preview:-1"},"canonical":"https:\/\/www.serconplagasbolivia.com\/web\/producto\/guarany-pulverizador-7-6-lt\/","og_locale":"es_ES","og_type":"article","og_title":"Guarany | Pulverizador 7.6 lt - Serconplagas","og_description":"Presentaci\u00f3n: Unidad Laboratorio: Guarany CARACTER\u00cdSTICAS: Tanque con boca ancha, para facilitar su llenado. V\u00e1lvula de seguridad con escape autom\u00e1tico de","og_url":"https:\/\/www.serconplagasbolivia.com\/web\/producto\/guarany-pulverizador-7-6-lt\/","og_site_name":"Serconplagas","article_publisher":"https:\/\/www.facebook.com\/Sercomplagasbo","og_image":[{"width":600,"height":600,"url":"https:\/\/www.serconplagasbolivia.com\/web\/wp-content\/uploads\/2025\/12\/Diseno-sin-titulo-67.png","type":"image\/png"}],"twitter_card":"summary_large_image","twitter_misc":{"Tiempo de lectura":"1 minuto"},"schema":{"@context":"https:\/\/schema.org","@graph":[{"@type":"WebPage","@id":"https:\/\/www.serconplagasbolivia.com\/web\/producto\/guarany-pulverizador-7-6-lt\/","url":"https:\/\/www.serconplagasbolivia.com\/web\/producto\/guarany-pulverizador-7-6-lt\/","name":"Guarany | Pulverizador 7.6 lt - Serconplagas","isPartOf":{"@id":"https:\/\/www.serconplagasbolivia.com\/web\/#website"},"primaryImageOfPage":{"@id":"https:\/\/www.serconplagasbolivia.com\/web\/producto\/guarany-pulverizador-7-6-lt\/#primaryimage"},"image":{"@id":"https:\/\/www.serconplagasbolivia.com\/web\/producto\/guarany-pulverizador-7-6-lt\/#primaryimage"},"thumbnailUrl":"https:\/\/www.serconplagasbolivia.com\/web\/wp-content\/uploads\/2025\/12\/Diseno-sin-titulo-67.png","datePublished":"2025-12-03T19:31:44+00:00","breadcrumb":{"@id":"https:\/\/www.serconplagasbolivia.com\/web\/producto\/guarany-pulverizador-7-6-lt\/#breadcrumb"},"inLanguage":"es","potentialAction":[{"@type":"ReadAction","target":["https:\/\/www.serconplagasbolivia.com\/web\/producto\/guarany-pulverizador-7-6-lt\/"]}]},{"@type":"ImageObject","inLanguage":"es","@id":"https:\/\/www.serconplagasbolivia.com\/web\/producto\/guarany-pulverizador-7-6-lt\/#primaryimage","url":"https:\/\/www.serconplagasbolivia.com\/web\/wp-content\/uploads\/2025\/12\/Diseno-sin-titulo-67.png","contentUrl":"https:\/\/www.serconplagasbolivia.com\/web\/wp-content\/uploads\/2025\/12\/Diseno-sin-titulo-67.png","width":600,"height":600},{"@type":"BreadcrumbList","@id":"https:\/\/www.serconplagasbolivia.com\/web\/producto\/guarany-pulverizador-7-6-lt\/#breadcrumb","itemListElement":[{"@type":"ListItem","position":1,"name":"Portada","item":"https:\/\/www.serconplagasbolivia.com\/web\/"},{"@type":"ListItem","position":2,"name":"Catalogo Online","item":"https:\/\/www.serconplagasbolivia.com\/web\/catalogo-online\/"},{"@type":"ListItem","position":3,"name":"Guarany | Pulverizador 7.6 lt"}]},{"@type":"WebSite","@id":"https:\/\/www.serconplagasbolivia.com\/web\/#website","url":"https:\/\/www.serconplagasbolivia.com\/web\/","name":"Serconplagas","description":"","publisher":{"@id":"https:\/\/www.serconplagasbolivia.com\/web\/#organization"},"potentialAction":[{"@type":"SearchAction","target":{"@type":"EntryPoint","urlTemplate":"https:\/\/www.serconplagasbolivia.com\/web\/?s={search_term_string}"},"query-input":{"@type":"PropertyValueSpecification","valueRequired":true,"valueName":"search_term_string"}}],"inLanguage":"es"},{"@type":"Organization","@id":"https:\/\/www.serconplagasbolivia.com\/web\/#organization","name":"Serconplagas","url":"https:\/\/www.serconplagasbolivia.com\/web\/","logo":{"@type":"ImageObject","inLanguage":"es","@id":"https:\/\/www.serconplagasbolivia.com\/web\/#\/schema\/logo\/image\/","url":"https:\/\/www.serconplagasbolivia.com\/web\/wp-content\/uploads\/2025\/07\/logo2.png","contentUrl":"https:\/\/www.serconplagasbolivia.com\/web\/wp-content\/uploads\/2025\/07\/logo2.png","width":600,"height":205,"caption":"Serconplagas"},"image":{"@id":"https:\/\/www.serconplagasbolivia.com\/web\/#\/schema\/logo\/image\/"},"sameAs":["https:\/\/www.facebook.com\/Sercomplagasbo"]}]}},"_links":{"self":[{"href":"https:\/\/www.serconplagasbolivia.com\/web\/wp-json\/wp\/v2\/product\/10428","targetHints":{"allow":["GET"]}}],"collection":[{"href":"https:\/\/www.serconplagasbolivia.com\/web\/wp-json\/wp\/v2\/product"}],"about":[{"href":"https:\/\/www.serconplagasbolivia.com\/web\/wp-json\/wp\/v2\/types\/product"}],"wp:featuredmedia":[{"embeddable":true,"href":"https:\/\/www.serconplagasbolivia.com\/web\/wp-json\/wp\/v2\/media\/10430"}],"wp:attachment":[{"href":"https:\/\/www.serconplagasbolivia.com\/web\/wp-json\/wp\/v2\/media?parent=10428"}],"wp:term":[{"taxonomy":"product_brand","embeddable":true,"href":"https:\/\/www.serconplagasbolivia.com\/web\/wp-json\/wp\/v2\/product_brand?post=10428"},{"taxonomy":"product_cat","embeddable":true,"href":"https:\/\/www.serconplagasbolivia.com\/web\/wp-json\/wp\/v2\/product_cat?post=10428"},{"taxonomy":"product_tag","embeddable":true,"href":"https:\/\/www.serconplagasbolivia.com\/web\/wp-json\/wp\/v2\/product_tag?post=10428"}],"curies":[{"name":"wp","href":"https:\/\/api.w.org\/{rel}","templated":true}]}}